{"id":45,"date":"2020-04-22T11:15:40","date_gmt":"2020-04-22T11:15:40","guid":{"rendered":"https:\/\/www.xn--baag-jra.com\/?page_id=45"},"modified":"2020-05-14T10:38:50","modified_gmt":"2020-05-14T10:38:50","slug":"baagoe-naturcenter","status":"publish","type":"page","link":"https:\/\/www.xn--baag-jra.com\/index.php\/baagoe-naturcenter\/","title":{"rendered":"Baag\u00f8 Naturcenter"},"content":{"rendered":"\n<figure class=\"wp-block-image size-full is-style-default\"><img loading=\"lazy\" decoding=\"async\" width=\"700\" height=\"395\" src=\"https:\/\/www.xn--baag-jra.com\/wp-content\/uploads\/2020\/04\/Baag\u00f8-Naturcenter.jpg\" alt=\"\" class=\"wp-image-148\" srcset=\"https:\/\/www.xn--baag-jra.com\/wp-content\/uploads\/2020\/04\/Baag\u00f8-Naturcenter.jpg 700w, https:\/\/www.xn--baag-jra.com\/wp-content\/uploads\/2020\/04\/Baag\u00f8-Naturcenter-300x169.jpg 300w\" sizes=\"auto, (max-width: 700px) 100vw, 700px\" \/><\/figure>\n\n\n\n<p>Er du interesseret i at holde dit n\u00e6ste arrangement p\u00e5 Baag\u00f8, eller har du brug for en afstikker fra byen, kan du med fordel se n\u00e6rmere p\u00e5 Baag\u00f8 Naturcenter.<\/p>\n\n\n\n<p>Naturcenteret kan bruges af b\u00e5de skoleklasser, foreninger og turister, da det er velegnet til f.eks. naturlejrskole, konferencer og vandrerhjem. Naturcenteret og \u00f8ens rige natur med et varieret plante- og fugleliv, skaber optimale rammer til leg, l\u00e6ring og afslapning for alle aldre.<\/p>\n\n\n\n<p>\u00d8nsker du en bekvemmelig base efter en dejlig dag ude i det fri, har du som privatperson ogs\u00e5 mulighed for at leje en ferielejlighed med plads til fire, p\u00e5 Naturcenteret.<\/p>\n\n\n\n<p>Du kan l\u00e6se mere og booke naturcenteret her<a href=\"https:\/\/baagoe-naturcenter.bookhus.dk\/\" target=\"_blank\" rel=\"noreferrer noopener\"> https:\/\/baagoe-naturcenter.bookhus.dk\/<\/a> eller finde yderligere kontaktoplysninger under menupunktet \u201c<a href=\"https:\/\/www.xn--baag-jra.com\/index.php\/kontakt\/\" target=\"_blank\" rel=\"noreferrer noopener\">Kontakt<\/a>\u201d.<\/p>\n","protected":false},"excerpt":{"rendered":"<p>Er du interesseret i at holde dit n\u00e6ste arrangement p\u00e5 Baag\u00f8, eller har du brug for en afstikker fra byen, kan du med fordel se n\u00e6rmere p\u00e5 Baag\u00f8 Naturcenter. Naturcenteret&hellip;<\/p>\n","protected":false},"author":1,"featured_media":0,"parent":0,"menu_order":6,"comment_status":"closed","ping_status":"closed","template":"","meta":{"footnotes":""},"class_list":["post-45","page","type-page","status-publish","hentry"],"_links":{"self":[{"href":"https:\/\/www.xn--baag-jra.com\/index.php\/wp-json\/wp\/v2\/pages\/45","targetHints":{"allow":["GET"]}}],"collection":[{"href":"https:\/\/www.xn--baag-jra.com\/index.php\/wp-json\/wp\/v2\/pages"}],"about":[{"href":"https:\/\/www.xn--baag-jra.com\/index.php\/wp-json\/wp\/v2\/types\/page"}],"author":[{"embeddable":true,"href":"https:\/\/www.xn--baag-jra.com\/index.php\/wp-json\/wp\/v2\/users\/1"}],"replies":[{"embeddable":true,"href":"https:\/\/www.xn--baag-jra.com\/index.php\/wp-json\/wp\/v2\/comments?post=45"}],"version-history":[{"count":4,"href":"https:\/\/www.xn--baag-jra.com\/index.php\/wp-json\/wp\/v2\/pages\/45\/revisions"}],"predecessor-version":[{"id":220,"href":"https:\/\/www.xn--baag-jra.com\/index.php\/wp-json\/wp\/v2\/pages\/45\/revisions\/220"}],"wp:attachment":[{"href":"https:\/\/www.xn--baag-jra.com\/index.php\/wp-json\/wp\/v2\/media?parent=45"}],"curies":[{"name":"wp","href":"https:\/\/api.w.org\/{rel}","templated":true}]}}