{"id":14,"date":"2020-04-22T10:44:33","date_gmt":"2020-04-22T10:44:33","guid":{"rendered":"https:\/\/www.xn--baag-jra.com\/?page_id=14"},"modified":"2025-10-17T20:19:32","modified_gmt":"2025-10-17T20:19:32","slug":"kontakt","status":"publish","type":"page","link":"https:\/\/www.xn--baag-jra.com\/index.php\/kontakt\/","title":{"rendered":"Kontakt"},"content":{"rendered":"\n<p><strong>Formand for Baag\u00f8 Beboerforening<\/strong><br>B\u00f8rge Hemmingsen tlf.: +45 61 67 45 83<br>E-mail: skelvej8@mail.dk<\/p>\n\n\n\n<p><strong>Baag\u00f8 Havnekiosk<\/strong><br>Marianne Mosegaard p\u00e5 tlf.: +45 30 34 76 54<br>E-mail: marianne@simonsen36.dk<br>Hjemmeside: <a href=\"https:\/\/www.baagoehavnekiosk.dk\/\">www.baagoehavnekiosk.dk<\/a><\/p>\n\n\n\n<p><strong>Havnefoged, Baag\u00f8 havn<\/strong><\/p>\n\n\n\n<p>Christina Vands\u00f8 Nielsen <\/p>\n\n\n\n<p>p\u00e5 tlf.: + 45 23 95 48 90<\/p>\n\n\n\n<p><\/p>\n\n\n\n<p><strong>Baag\u00f8 Camping<\/strong><br>S\u00f8ren Bertelsen p\u00e5 tlf.: +45 20 43 85 11 eller <br>Dick Prebble p\u00e5 tlf.: +45 20 13 82 63<\/p>\n\n\n\n<p><strong>Baag\u00f8 Naturcenter<\/strong><br>Naturvejleder Christian Heller p\u00e5 tlf.: +45 24 90 44 64<br>E-mail: <a href=\"mailto:naturvejledning@assens.dk\">naturvejledning@assens.dk<br><\/a>Hjemmeside: <a href=\"http:\/\/www.assens.dk\/naturcenter\">www.assens.dk\/naturcenter<\/a><\/p>\n\n\n\n<p><strong> Grisevognen<\/strong><\/p>\n\n\n\n<p>Lis og Arne Hansen p\u00e5 tlf..: +4561335334 \/ 61772773<\/p>\n\n\n\n<p><strong>Hestestalden:<\/strong><\/p>\n\n\n\n<p>Ellen-Marie Nielsen p\u00e5 tlf.: +4564712527<\/p>\n\n\n\n<p><\/p>\n","protected":false},"excerpt":{"rendered":"<p>Formand for Baag\u00f8 BeboerforeningB\u00f8rge Hemmingsen tlf.: +45 61 67 45 83E-mail: skelvej8@mail.dk Baag\u00f8 HavnekioskMarianne Mosegaard p\u00e5 tlf.: +45 30 34 76 54E-mail: marianne@simonsen36.dkHjemmeside: www.baagoehavnekiosk.dk Havnefoged, Baag\u00f8 havn Christina Vands\u00f8 Nielsen&hellip;<\/p>\n","protected":false},"author":1,"featured_media":0,"parent":0,"menu_order":8,"comment_status":"closed","ping_status":"closed","template":"","meta":{"footnotes":""},"class_list":["post-14","page","type-page","status-publish","hentry"],"_links":{"self":[{"href":"https:\/\/www.xn--baag-jra.com\/index.php\/wp-json\/wp\/v2\/pages\/14","targetHints":{"allow":["GET"]}}],"collection":[{"href":"https:\/\/www.xn--baag-jra.com\/index.php\/wp-json\/wp\/v2\/pages"}],"about":[{"href":"https:\/\/www.xn--baag-jra.com\/index.php\/wp-json\/wp\/v2\/types\/page"}],"author":[{"embeddable":true,"href":"https:\/\/www.xn--baag-jra.com\/index.php\/wp-json\/wp\/v2\/users\/1"}],"replies":[{"embeddable":true,"href":"https:\/\/www.xn--baag-jra.com\/index.php\/wp-json\/wp\/v2\/comments?post=14"}],"version-history":[{"count":13,"href":"https:\/\/www.xn--baag-jra.com\/index.php\/wp-json\/wp\/v2\/pages\/14\/revisions"}],"predecessor-version":[{"id":318,"href":"https:\/\/www.xn--baag-jra.com\/index.php\/wp-json\/wp\/v2\/pages\/14\/revisions\/318"}],"wp:attachment":[{"href":"https:\/\/www.xn--baag-jra.com\/index.php\/wp-json\/wp\/v2\/media?parent=14"}],"curies":[{"name":"wp","href":"https:\/\/api.w.org\/{rel}","templated":true}]}}